21 + -11 + 4 + -31 - 31) + -5?
-53
Evaluate 2 + -1 + (-1 - (-2 - -90)) - (1827 + -1837).
-78
Evaluate -2 + 29 + 0 + -11 + -24 + (56 - 24).
24
Evaluate (7 - (-18 + 14 + 10)) + (0 - -8).
9
98 + -106 + (-6 - (12 - (-8 + 15)))
-19
What is the value of -63 - (9 + -16 - (-15 + 12 + -22 + 10))?
-71
What is 54 - 2 - ((8 + 5 + -3 - 12) + 0)?
54
What is (97 - (117 - 17)) + -44?
-47
-87 + (43 - 77 - -77)
-44
What is the value of -46 - (47 + -22 + -22)?
-49
Calculate (8 - 20) + 10 + (4 - -9) + -56 + 1.
-44
Evaluate -1 + -13 + (16 - (9 - 5)) + (-39 - 1).
-42
Calculate 99 + (57 + 1 - 96) + (0 - -2).
63
(8 + -1 - -17) + -10 + (-2 + -9 - 11)
-8
What is the value of -1441 - -1418 - (-3 - -1 - (-3 + 4 + -3))?
-23
17 - (8 + 2 - (-15 + 25 + 8 + -15))
10
Calculate 1 + -56 + -14 + 33 + -22.
-58
Calculate (-31 + 0 - 0) + 74623 + -74535.
57
Calculate 36 + -3 - (-1 - -1) - (-12 + 7 + -3).
41
Evaluate (-3 - 29) + -10 + -2 + -7 + 17.
-34
What is 12 - (-16 + 6 + (42 - -36 - (-7 - -1)))?
-62
Evaluate 6 + -14 + 5 + -2 - (1 + 4).
-10
Evaluate -10 - 0 - (-60 + 56 + 5).
-11
Evaluate (16 - 10) + (-20 - (-15 + 22)).
-21
What is the value of 110 - (19 - -45) - 44?
2
What is the value of -21 + 34 - 54 - 53?
-94
Calculate 34 + (-15 - (-12 + -35)).
66
What is the value of -111 - (67 + -29) - -99?
-50
Calculate -24 + (-53 - (-96 - -125)).
-106
Evaluate (1 - 2 - 12) + (55 - (-33 - -136) - 53).
-114
(-69 - -111 - 75) + 38
5
What is 0 - -94 - (-5 + 15)?
84
What is the value of -48 - (-35 - (1 + 10))?
-2
974 - 1030 - (15 + (-7 - 2) + 5)
-67
51 + (0 - -3) - ((62 - 177) + 129)
40
Calculate -12 + 13 + (-9 - (-3 + 3 - 9)).
1
What is 203 - (13 - -100) - 214?
-124
(27 + -24 - (-1 - -8)) + 60
56
What is 120 - ((62 - 20) + -8 - 0)?
86
Calculate 106 - 51 - 98 - 11.
-54
Calculate (-24 + 4 + 17 - 88) + -1.
-92
What is 28 - (-93 + 39 + 174)?
-92
Calculate 9 - 7 - (44 - (21 + -14)).
-35
Evaluate 0 + (145 - 171 - (-3 - -15)).
-38
What is -17 + 47 + 13 + -10?
33
Calculate 14 - (64 + -61 + 9).
2
Evaluate 4 + 4 + (-235 - -226).
-1
Evaluate 53 - (32 - 19) - (6 - 7).
41
Calculate 15 + (12 - (16 - (-32 - -15))) - 64.
-70
What is the value of 36 - (11 - (11 - 14)) - (11 - -2)?
9
Evaluate -10 + (-16 - (2 - 31)) + (-11 - 0).
-8
Evaluate 7 - (401 + -387 + (1 - (3 - -2))) - -81.
78
Calculate -49 - -2 - (167 + 110 + -231).
-93
(3 - -12 - -3) + 199 + 50 + -324
-57
-2 - (-70 + 94 - (2 - -68))
44
Evaluate -54 - (-48 - (-181 + 128)).
-59
1027 + -1246 - (-3 - 127)
-89
Calculate 62 - (122 - 247 - -98).
89
What is the value of (-113 - -163 - 58) + (-115 - -1)?
-122
What is the value of 1 + (-12 - (-27 - (9 + -11))) + -2 + -65?
-53
What is the value of 9 - (-68 - (-40 - -87))?
124
What is -41 + (-14 + 40 - -67)?
52
What is the value of (-23 - (-2 - 6)) + (14 - -13) + -46?
-34
2 + 0 - (24 + -39 - -71)
-54
Calculate (14 - 11 - -3) + 5 - (55 + -1).
-43
What is 10 + -7 + -44 - -4?
-37
What is the value of 165 + -167 - ((-4 - (-4 - 3 - -3)) + 17)?
-19
What is 22 + 110 + -142 - ((-67 - 0 - 0) + 3)?
54
Evaluate (-27 - 148 - -143) + (3 + -3 - (15 - 2)).
-45
Calculate 38 + -11 + -18 - 22 - (0 + -49).
36
Evaluate 9 + (-18 - (-8 - 0 - -41)).
-42
Calculate (5 - -2 - 5 - -3) + -58 + 37.
-16
Evaluate (7 + -45 - -57 - 34) + (0 - 69).
-84
What is the value of -20 + (37 - 49) + 29 - (4 - -1)?
-8
11 - (35 + -3 + (-383 - -411))
-49
Evaluate -73 + -21 + -80 + 301.
127
What is the value of -21 + (-1 - 23 - -1 - (-86 + -28))?
70
What is 118 - (-96 - -190) - -106?
130
What is the value of 7 - 13 - (-5 + (1 - -4) + -42 + -9)?
45
What is the value of -2 - 14 - (10 + (76 - 157))?
55
What is the value of (126 - 130) + (-2 - 0 - -12) - 76?
-70
What is the value of -47 + 1 + -2 + (22 - 28 - -31 - 26)?
-49
Evaluate (-10 - -34) + -8 + (1 - -23).
40
Evaluate 9 + 19 + -20 + -6 + 2.
4
What is the value of (-56 - -84 - 24) + (95 - (1 - -1))?
97
Calculate -98 + (-46 - (1 + 28 - 39)).
-134
Calculate (-15 - 0) + (52 - 89) + 66 + -76.
-62
Calculate 1 - 75 - (-123 - -45 - -61).
-57
Evaluate (-164 - -337 - 105) + (-6 - 1).
61
What is the value of -41 - (8 - 0 - (-2 - -13 - -5))?
-33
What is -16 - (-6 + (-13 - -9)) - -19 - 66?
-53
Calculate (77 - 55) + 1 + -17 + (26 - 0 - -2).
34
What is the value of -18 + 21 - (-12 + -3) - (-1 + 9)?
10
What is -58 + 6 + 6 + (-224 - -238)?
-32
(213 - 77) + -82 - -48
102
Evaluate 136 + -143 - (1 + 34).
-42
(5 - (7 - 28)) + -17 + 16 + -10
15
(4 - -3) + (6 + -22 - -2) - 5
-12
What is (44 - -16) + 28 + -27?
61
What is the value of 35 - (76 + -17) - -37?
13
What is the value of (-43 - (-38 + 15)) + (10 - -2) + (3 - -71)?
66
Evaluate 21 + 0 + 9 + -25 + 27.
32
What is the value of -38 + -15 - -3 - (-55 + 95)?
-90
What is (-3 + 0 - 4 - 6) + 91 + -46?
32
Calculate (-126 - -22) + (24 - (7 - -10 - 5)).
-92
Calculate (24 - -46 - 65) + (0 + -1 - -33).
37
What is 36 + (-18 - -16 - (4 + -21)) - (8 - -1)?
42
1491 + -1477 + -4 + -4 + (1 - -1)
8
What is (1 - -2) + (4 - 3) + (-3822 - -3779)?
-39
(76 - (3 + -1)) + (-3181 - -3202)
95
2 + (22 - 25) + 31 - (-2 + 5)
27
Evaluate 27 - (131 + (-94 - -31)).
-41
What is the value of 28 + (11 - 1 - (-16 + 3 + 19))?
32
What is the value of -88 + 7 + -2 + (60 - 39) + -9?
-71
What is (-5 - (7 - 4)) + (20 - 28 - -9)?
-7
20 - 16 - (-5 - -5) - (-1 - (0 - 0))
5
Calculate -41 + 13 + (10 - (13 - -12)).
-43
Evaluate (-99 - -51) + (90 - 105).
-63
What is the value of 224 + (-95 - 128) - (-20 + 0 - 1)?
22
Calculate (1695 - 1678) + -48 + 2 + -1.
-30
What is the value of 61 + 1 - (282 + -129)?
-91
What is (-58 - -39) + -7 - -49?
23
What is 33 + -3 - (390 + -493)?
133
What is the value of -50 + -2 + 4 - (20 + (-2 + 2 - 18))?
-50
Evaluate -2 + 147 + (-3419 - -3168).
-106
Evaluate (-1 - 59) + (2 - 1 - (-234 - -219)).
-44
Calculate (-10 - -4) + (-1 - -41) + (-14 - -15).
35
Evaluate -10 - (40 - ((4 - 8) + (5 - -5))).
-44
What is the value of -123 + -9 + 277 + -44?
101
Evaluate (0 - 10) + -80 + (47 - -46) - 136.
-133
Calculate -35 - (-8 + 24 + 29 - -16).
-96
Calculate 781 + -770 - (-19 - 1).
31
What is the value of 113 + (14 - (36 - -42))?
49
What is the value of -60 - -10 - (-1 - 29) - 25?
-45
5 - (14 - (-3 + 62))
50
Evaluate (-1 - (-10 - 2)) + -3370 + 3371.
12
Calculate -1 + -3 + 133 + -137 + -9 + 27.
10
What is the value of 17 + -25 + 8 + -12 - (-1 - -53)?
-64
What is the value of 8 + 11 + -27 - (-18 - -23 - (1 - -17))?
5
Evaluate -1 + -47 + 4 - (3 - 10) - 7.
-44
What is the value of (-2823 - -2944) + -101 + 1?
21
(0 - (-80 - -77) - (-21 + 3)) + (14 - -1)
36
What is 86 + (12 - (28 - 5) - -10 - -27) + -14?
98
6 + -45 + 53 + 13
27
Calculate -1 - ((0 - 32) + -18 + 10).
39
What is the value of -5 + 32 + 0 + (-12 - ((-29 - -1) + 13))?
30
-26 - 1 - (-481 - -459)
-5
Calculate 21 + (-6 - -88) + (-180 - -152).
75
Calculate -15 + (34 - -11) + 3.
33
What is 102 - (20 + (-50 - -82))?
50
Calculate 75 + (31 - 8) + (11 - 23) + -11.
75
Calculate -1 + 11 - (112 + -69 + (-1 - (-1 - -2))).
-31
What is the value of 4 - 3 - (8 - (-6 - -2)) - 45?
-56
-18 - (-13 + 32) - (-283 - -292 - (18 + 0))
-28
What is 0 - (1 + 16) - (-252 - -46 - -236)?
-47
What is -22 + 41 + -81 - (-11 + -3 + 8)?
-56
What is the value of (7 - (25 - (-4 - -24))) + 12 - 67?
-53
(-33 - (-1 - -5)) + 35 - (2 - -27)
-31
0 + 2 - 0 - (11 - -1) - (5450 - 5487)
27
Evaluate (-5 - 23) + (-116 - -126).
-18
Evaluate 41 + (-50 - 22) + 57.
26
What is (-101 + 134 - -25) + 36?
94
What is the value of 44 - (15 + -18 + (44 + -38 - (1 - 0)))?
42
What is the value of -39 + (67 - -58) + -44?
42
What is the value of (-117 - -125) + -56 + -2 + 4 + (-17 - -3)?
-60
Calculate 2344 - 2382 - (-2 + (3 + -2 - -1) - -3).
-41
Evaluate 34 - 32 - ((-9 - -10) + (-4 - 3)).
8
What is (15 - 0) + (7 - 16) - (0 + 16 + -64)?
54
(-1924 - -1830) + (1 - -17)
-76
6789 + -6796 + -63 + 2
-68
56 + 45 + 73 - 146
28
Calculate -139 - (7 - -1 - (92 + (143 - 208))).
-120
Calculate 35 + (24 + 13 - 28).
44
What is (44 - -6) + (-86 - -51)?
15
Calculate -12 - (-32 + 19) - -13.
14
Evaluate 68 + (50 - (19 + 43)).
56
-39 + 87 + -46 - (1 - (1 + -2 - 35))
-35
Evaluate -37 - (-125 - -134 - (-18 + 1 + 4)).
-59
What is (-1 - -20) + (0 + 2 - (23 - (-27 + 48)))?
19
What is the value of 2 + -34 + (181 - 162) - -16?
3
Evaluate 62 + -40 + -54 + 9.
-23
What is 0 + 4 + (-6 - (-1 - -18)) + 12?
-7
Evaluate -526 + 442 + -4 + (-2 - -26) + -3.
-6